s of y(o)?
2, 3
Suppose 10 = -x - 5*s, -3*s - 2*s - 10 = 3*x. Suppose -3*m - 2*d = -1544, -4*m - d = -x*m - 2067. What are the prime factors of m?
2, 7, 37
Let a be (-18)/99 - 6/(-33). Suppose a = -6*k + 11647 - 3721. What are the prime factors of k?
1321
Let h(l) = 561*l + 44. Let q be h(2). Let u = q + -311. What are the prime factors of u?
3, 5, 19
Let m = 19587 - 13489. What are the prime factors of m?
2, 3049
Let h be -69*(-12)/90*5. What are the prime factors of 2139/15 + h/115?
11, 13
Let r be 0/((-9)/(-4) + (-7)/28). Suppose r = -8*l - 11*l + 4351. Let t = -14 + l. What are the prime factors of t?
5, 43
Let b = 17168 - 8273. What are the prime factors of b?
3, 5, 593
Let t be (-7)/(-5) + -2 - (-99)/15. Let p(w) = w - 1. Let j(o) = -2*o**2 - 3*o + 13. Let h(y) = -j(y) + 4*p(y). What are the prime factors of h(t)?
97
Let m(c) = -2*c**3 - 6*c**2 + 12*c + 9. Let q be m(-5). Suppose -27*v + q*v = 17996. What are the prime factors of v?
2, 409
Suppose -13*f + 78094 = -12724. List the prime factors of f.
2, 7, 499
Let i = -7 - -10. Suppose 152 = i*h - q, 3*h + q - 14 = 128. Let a = h - -12. List the prime factors of a.
61
Let m(k) = 2*k**2 + 8*k - 38. Let j be m(3). Suppose 4*h + 3*a = 5*a + 2646, -2*h - j*a = -1348. List the prime factors of h.
2, 83
Suppose 4*f - 119220 = -5*j, -j - 7501 = 2*f - 67111. What are the prime factors of f?
3, 5, 1987
Suppose w = -0*l + l - 233, 5*w = -3*l - 1181. Let d = 514 + w. List the prime factors of d.
3, 31
Let s(a) = -69*a - 3. Let d be s(-2). Let p = 46 - 52. List the prime factors of -5*p/d + 178/9.
2, 5
Let u(p) = -2*p**3 + 11*p**2 + 11*p + 85. What are the prime factors of u(-11)?
3, 1319
Suppose 14*r + 315396 = 26*r. What are the prime factors of r?
3, 8761
Let g = 11802 - 2992. What are the prime factors of g?
2, 5, 881
Suppose -7*g - 3*k = -10*g + 12420, -4*k + 20664 = 5*g. What are the prime factors of g?
2, 11, 47
Suppose 892 = 8*t - 4*t - 4*m, 5*m = 20. What are the prime factors of (t/(-2))/(17/(-34))?
227
Let r be (8/(-6))/(-2 + 4/3). Let q be -47 + (12/r - 4). What are the prime factors of (q/2 - -5)*(-8)/10?
2, 7
Let j(p) = p**2 + 14*p + 23. Let m be j(-12). List the prime factors of m - 0 - (-745 + 1).
743
Suppose x + 2*x - 2 = 2*h, 2*h + 4*x - 26 = 0. Suppose 4*j + 3*q + 35 = 0, 4*j - 2*q + 5 = -h. Let a(n) = 4*n**2 + 3*n - 13. List the prime factors of a(j).
2, 3
Let s(x) = -794*x + 47. Suppose 0 = -77*j + 72*j - 5. What are the prime factors of s(j)?
29
Let x be (20 - 15)/(1/17). Let y = 16 - x. Let f = 21 - y. What are the prime factors of f?
2, 3, 5
Let v(f) = 102*f**2 + 5*f - 3. Let z be v(1). Let h = 227 - z. List the prime factors of h.
3, 41
List the prime factors of (-6)/(-27) + (-11 - 927108/(-81)).
5, 2287
Let k = 392 - 342. Suppose 3*s + 7*y = 2*y + 119, -k = -2*s + 4*y. List the prime factors of s.
3, 11
Suppose -2*a - 56 = -62. Suppose a*x - 1422 = -6*x. Let q = -94 + x. List the prime factors of q.
2
Suppose 0 = -3*p - 5*m + 53751, 3*m - 54 = -72. List the prime factors of p.
7, 13, 197
Suppose 129*z - 1437312 = 33*z. List the prime factors of z.
2, 19, 197
Suppose -g - 43068 = -a, -2*a + g - 14511 = -100656. What are the prime factors of a?
3, 83, 173
Suppose -4*s - 49 = -3*s. Let x = s - -40. What are the prime factors of (-1019)/(-9) + 2/x?
113
Let c = 783 + -783. Suppose 2496 = 2*m - c*m. What are the prime factors of m?
2, 3, 13
Let c = -109 + 112. Suppose 2*p = t + t - 558, -c*t + 838 = -4*p. What are the prime factors of t?
2, 139
Let c(q) = -14*q + 5*q - 2*q - 8*q - 27*q**2 + 36*q**2. List the prime factors of c(11).
2, 5, 11
Let g(a) = -4341*a**3 - 4*a**2 - 6*a - 3. List the prime factors of g(-2).
34721
Let a(f) = -1203*f + 323. List the prime factors of a(-5).
2, 3169
Let l(a) = a**3 + 6*a**2 + 4*a - 10. Let o be l(-5). Let v be (6/o)/((-3)/15). Suppose v*u + 0*u - 258 = 0. List the prime factors of u.
43
Let t(x) = 5*x**2 - 54*x + 114. List the prime factors of t(23).
37, 41
Let c(v) = v**3 - 4*v**2 + 2*v - 2. Let b be c(4). Let u be 248/18 - b/(-27). Let n = u + 80. List the prime factors of n.
2, 47
Let h be ((-1032)/28)/((-2)/(-14)). Let a = h + 427. What are the prime factors of a?
13
List the prime factors of (-402 + -21)*6644/(-66).
2, 3, 47, 151
Let i(n) = n**3 - 2*n**2 - 2*n. Let l be i(-1). Let b(f) = -6*f - 8. Let a be b(l). What are the prime factors of (-136 - a)*(-13 - -12)?
2, 67
Let z(t) = -13*t - 22. Let o = -140 + 70. Let n be ((-2)/(-4))/(((-7)/o)/(-1)). List the prime factors of z(n).
43
Let i = -596 + -18. Let r = 944 + i. What are the prime factors of r?
2, 3, 5, 11
List the prime factors of -34 - -8753 - 8*1.
31, 281
Let q(f) = -f**3 + 18*f**2 + 124*f + 15. Let m be (113 + 7)/6 + 3*1. What are the prime factors of q(m)?
2, 3, 37
Let d be 4/(-6) + (-33)/(-9). Let i(q) = 3*q**2 - 8*q - 2. Let m be i(d). Let l(j) = 207*j**3 - j + 1. List the prime factors of l(m).
3, 23
Let y = 47214 - 19303. List the prime factors of y.
13, 19, 113
Let z = -135 + 142. Let m be (-1)/8 - z/56*-4121. Let s = 762 - m. What are the prime factors of s?
13, 19
Let y(g) = 2*g**2 + 4*g + 722. Suppose 1 - 1 = 10*b. What are the prime factors of y(b)?
2, 19
Let m = 25280 - -2397. List the prime factors of m.
13, 2129
Let o be (-1 + (9 - 4) - -2)/(-1). Let z(s) be the third derivative of -s**6/120 - s**5/15 + s**4/3 - s**3/3 + 2*s**2. What are the prime factors of z(o)?
2, 11
Let c(m) = m**3 - 11*m**2 + 61*m - 683. List the prime factors of c(20).
3, 7, 197
Suppose -j - 2*q + 940 = 314, -j - 5*q + 617 = 0. What are the prime factors of j?
2, 79
Let n(g) = -g**2 - g + 69. Let o be n(0). Let u = 174 - o. Let h = u + -76. What are the prime factors of h?
29
Let w(l) = l**2 - 8*l - 31. Let c(d) = -2*d**2 + 16*d + 62. Let m(z) = -2*c(z) - 5*w(z). Let p be m(-13). Let k = -31 - p. What are the prime factors of k?
211
Let a(z) = 4*z**2 - 25*z - 393. List the prime factors of a(36).
3, 1297
Let t(p) = 3*p**3 - p**2 - 3*p + 8. Suppose 0 = 12*m + 58 - 118. What are the prime factors of t(m)?
7
Suppose 3*n - 18350 = -2*j, -5*j = 5*n + 14540 - 45130. What are the prime factors of n?
2, 3, 1019
Let v(y) = 3*y**2 - 54*y - 165. What are the prime factors of v(-27)?
2, 3, 5, 29
Let s(x) = -9*x + 40. Let n be s(-11). Suppose -8*l = r - 13*l - n, 4*r - 3*l - 556 = 0. List the prime factors of r.
139
Suppose -132*c + 141*c = 0. Suppose c = -2*u - 5*u + 5411. List the prime factors of u.
773
Suppose -3*c + 8*c = 5*n - 355, -c + 2*n - 68 = 0. Let f be ((-38)/(-6))/(6/36). Let i = f - c. What are the prime factors of i?
2, 7
Suppose -3*w + 0*w - 111 = 0. Let b be w/(-13) - 14/(-91). Suppose -5*t - 975 = -5*u, -3*u + u = b*t - 390. What are the prime factors of u?
3, 5, 13
Suppose -34034 - 55764 = -5*k - 2*w, 2*k = -w + 35920. List the prime factors of k.
2, 3, 41, 73
Let w be 2 - -102*-9*(-6)/36. Let s be (-1)/(-1 + 0) + 35. Let y = w - s. List the prime factors of y.
7, 17
Suppose 12 = 4*p - 0*p. Suppose 5*y - 40 = -n, -p*y - 13 = 2. List the prime factors of n/2 - (-3)/(-2).
31
Let g(y) = 103*y**2 - 4*y + 2. Let q be g(2). Suppose -4*n - 6*t = -5*t - 24, 25 = n + 5*t. Suppose -n*f + q = -569. What are the prime factors of f?
3, 5, 13
Let h = -4931 + 18460. What are the prime factors of h?
83, 163
Let m(u) = -21*u**3 - 3*u**2 + 41*u + 103. What are the prime factors of m(-9)?
2, 5, 37
Suppose -2498 = -3*g + 2*b, 4*g + 3*b - 3340 = 8*b. Let s = g - 486. What are the prime factors of s?
2, 43
Let s(i) be the third derivative of i**4/24 + 169*i**3/6 - 62*i**2. List the prime factors of s(-34).
3, 5
Suppose 81893 = -99*q + 106*q. List the prime factors of q.
11699
Let b = -3 - -12. Let v be 117 + (4 - b)/(-5). Let i = v - 59. What are the prime factors of i?
59
Let u = -11896 - -23150. List the prime factors of u.
2, 17, 331
List the prime factors of (-831)/((-7)/(-14)*-3).
2, 277
Let i be (-8 + -2)/(-20) - (-62)/4. Suppose 4*z - i = 8. What are the prime factors of z?
2, 3
Let i(z) = -2*z**3 - 14*z**2 - 10*z - 25. Let r = -25 + 15. Let c be i(r). Let j = -478 + c. What are the prime factors of j?
197
Let r(y) = -y**3 - 35*y**2 - 430*y + 25. What are the prime factors of r(-33)?
12037
Suppose 423 = 4*a - 3*p, 9*a - 5*p = 4*a + 525. Suppose -2*o - 106 = -5*i + 60, 3*o = -3*i + a. List the pr